*w + 2 + 3, -v = 3*w - 25. Suppose -5*h = 3*d - h - l, -5*h + v = 0. What is the tens digit of d?
5
Suppose -5*k + 2*k + 2*a - 264 = 0, 0 = -5*a. What is the units digit of (-12)/42 + (-5)/(70/k)?
6
Let k be (-1)/((-1)/265) - 0/(-7). Let s = k + -164. What is the units digit of s?
1
Suppose -1280 - 640 = -3*f. What is the hundreds digit of f?
6
Let a = -1418 - -2416. What is the tens digit of a?
9
Let p(q) = 0 + 66*q - q**2 - 63*q + 1 + 2. Let f be p(3). Let b(t) = 3*t**3 - 4*t**2 + 7*t - 3. What is the units digit of b(f)?
3
Let w(i) = 41*i**2 - 47*i - 15. What is the tens digit of w(8)?
3
Let x(g) = 2*g**3 - 5*g**2 + g - 8. Let m be x(5). Suppose -5*v = m - 352. What is the units digit of v?
6
Let b = 3601 - 1885. What is the units digit of b?
6
Let a(h) = h**3 - 10*h**2 + 12*h - 19. Let n be a(10). Let u be 2/3 + 206/(-3). Let f = n + u. What is the units digit of f?
3
Suppose 0 = -8*d + d + 959. Let b = d + -68. What is the units digit of b?
9
Let m(i) = 7*i**2 + 5*i + 6. Suppose 4*w + 1 = -19. Let o be m(w). What is the units digit of o/20 + 2/10?
8
Suppose -5*j - 4260 = -9*j + 4*m, 2 = m. What is the thousands digit of j?
1
Let g(v) = -78*v - 19. Let l be g(-3). Suppose 2*o + l = 3*y, y - 5*o - 39 = 11. What is the units digit of y?
5
What is the hundreds digit of 1/(1/472) - (-40)/(-10)?
4
Let h be -7 - 16 - 0/(-2). Let b = -80 - -127. Let i = b + h. What is the tens digit of i?
2
Suppose -4*d + 23 = 15. Suppose 0 = -2*t - n - 2 + 29, 58 = 4*t - d*n. What is the units digit of t?
4
Let u(y) = 49*y - 155. What is the hundreds digit of u(63)?
9
Suppose -4*x - 2*w + 8 = 0, -5*w - 1 = 2*x + 11. What is the units digit of -1*(x/(-6))/(4/786)?
1
Suppose 4*j + 5*p - 15940 = 0, -j + 3985 = 10*p - 9*p. What is the tens digit of j?
8
What is the hundreds digit of (-1 - 4)*4808/(-80)*4?
2
Suppose 2*a = -0*a - 4*f + 7366, 4*f - 14716 = -4*a. What is the thousands digit of a?
3
Let t(z) = -10*z**2 + 19. Let y be t(5). Let r = -139 - y. What is the tens digit of r?
9
Suppose -4*w + 2*a = a - 622, 2*a = 4*w - 620. Suppose -2*k + k + w = c, -2*c = -3*k - 322. Suppose -4*q + c = -6. What is the units digit of q?
1
Suppose 4*f = 24 + 16. Suppose f*v - 2*v = 56. What is the units digit of v?
7
Let m(y) = -23*y + 1. Let n = -58 + 56. What is the units digit of m(n)?
7
Suppose -444*v + 452*v - 27256 = 0. What is the hundreds digit of v?
4
Let c(d) = 213*d - 186. What is the hundreds digit of c(4)?
6
Let k(n) = -3*n - 1. Let r be k(-4). Let z = 148 - 160. What is the tens digit of (-13 - z)*-1*r?
1
Suppose -2*s - 3*g = -9, s + 3*g - 7 - 2 = 0. Let n be (6 - 1)*1 - 1. Suppose n*h + s*h - 88 = 0. What is the tens digit of h?
2
Suppose 4*i + 48 = 228. Suppose 0 = 3*m - 2*x - 57, 0 = -4*m - 45*x + 44*x + 87. Suppose -16*u - i = -m*u. What is the units digit of u?
9
Suppose 3*o = 3, -2*o = -3*i - i + 7506. What is the thousands digit of i?
1
Suppose -3*k - 2*k + 3*u + 3 = 0, 3*k + 4*u = 25. Suppose 2 = 4*l - k*l. Suppose w = -l*v + 5*w + 18, 0 = -3*v + w + 7. What is the units digit of v?
1
Suppose -s + 8 - 1 = -q, 3*q = -15. Suppose s*o + 48 = 8*o. Suppose o = 2*f - 14. What is the tens digit of f?
1
Suppose 2*m = -7*m + 2862. What is the hundreds digit of m?
3
Let o = 55 + -48. Let l(q) = 2*q**3 - 9*q**2 - 16*q - 9. What is the units digit of l(o)?
4
Let g(v) be the third derivative of v**5/30 + 7*v**4/24 - v**3 - 3*v**2. What is the tens digit of g(4)?
5
Suppose -3*j - 2*x + 3 = -27, 0 = -3*j - 4*x + 36. Let a(h) = 2 - 49*h**3 - 12 - 3*h**2 + 10*h**2 + 12*h + 48*h**3. What is the units digit of a(j)?
2
Let s = -6 - -8. Let k be 0*((-7)/s + 3). Suppose 22 = -k*j + j. What is the tens digit of j?
2
Suppose -44*f = -67*f + 41837. What is the tens digit of f?
1
Let m = 6087 - 514. What is the hundreds digit of m?
5
Let j = 252 - 180. Let k = j + -157. Let c = k - -119. What is the units digit of c?
4
Suppose -m = -f + 2*f - 31, -5*m = 0. Let h = -4 + f. What is the units digit of h?
7
Let i = -66 + 583. What is the units digit of i?
7
Let z(o) = 6*o + 3 + 2*o**2 - 20*o + 5 - 5. Let v be z(7). Suppose -15 = -3*k, -2*m = -v*m - k + 34. What is the units digit of m?
9
Let m = 26 - 26. Suppose -3*i + 5*o = -0*i - 184, m = -5*i + 3*o + 312. What is the tens digit of i?
6
Let a(k) = 11*k - 105. What is the tens digit of a(20)?
1
Let v = -136 - -152. Let p(g) = -g**3 + 18*g**2 - 20*g - 35. What is the units digit of p(v)?
7
Suppose 4*m + 2*t = 50, -3*m + 0*m - 5*t = -55. Let x(s) = 12*s. Let f be x(3). What is the units digit of f/m*20/12?
6
Let v = 5 - -41. Suppose -v = 21*o - 23*o. What is the tens digit of o?
2
Suppose -19 = b + 5*f, 22 = 2*b - 0*b - 5*f. Let u be (b - 1) + (1 - 0). What is the units digit of 9 - (u + 6/(-3))?
0
Let x(n) be the first derivative of -n**3/3 - 17*n**2/2 - 7*n - 10. What is the units digit of x(-9)?
5
Suppose 0 = -4*r + 12, -q = -5*r + 14 + 2. What is the units digit of q/6 - (-6769)/42?
1
Let h(f) be the third derivative of f**4/24 + f**3/6 + 4*f**2. Let k be h(2). Suppose 4*p - 34 = -4*o + 38, -15 = k*p. What is the tens digit of o?
2
Suppose 15*n = 12*n + 3. Let u(a) = 95*a**2 + 2*a - 3. What is the units digit of u(n)?
4
Suppose -2*d = i + 40, 3*i = -4*d - 74 - 42. Let v = i + 41. What is the units digit of v?
5
Suppose 0*t = t - 258. Let u be (t/5)/(4/10). Let i = u - 76. What is the units digit of i?
3
Let v(s) = -4*s**3 - 39*s**2 - 4*s - 70. What is the tens digit of v(-13)?
7
Suppose -6 = 4*g + 18. Let d(z) = -z - 1. Let q(y) = 18*y + 9. Let j(f) = g*d(f) - q(f). What is the units digit of j(-4)?
5
Let f(u) = -u**3 + 9*u**2 - 3*u + 5. Let n be f(7). Suppose -4*o + 503 = 3*a, -50 - 77 = -o - 2*a. Let w = o - n. What is the tens digit of w?
4
Let h be 44/20 - (-2)/(-10). Let q(d) = 22*d**3 - 2*d**2 + 5*d - 6. What is the tens digit of q(h)?
7
What is the units digit of (-18280)/(-110) + (-6)/33?
6
What is the units digit of (-4*(-16)/20)/((-2)/(-125))?
0
Let u = 297 - -87. Suppose 10*r = 4*r + u. What is the units digit of r?
4
Suppose -2*d - k + 121 = 0, 0 = -d - 2*d + 4*k + 198. What is the units digit of d?
2
Let d be -2 + 4 + -1 + 83. Let y = 169 - d. What is the units digit of y?
5
Let u(w) = -168*w + 573. What is the units digit of u(-25)?
3
Suppose -475 + 28 = -3*o. Suppose 371 + o = 4*p. What is the tens digit of p?
3
Let w = -4 - -10. Suppose w*f - 4 = 2*f. Let t(l) = 80*l - 3. What is the units digit of t(f)?
7
Let g be ((-5)/2)/(1/(-534) + 0). Suppose -5*c - 130 = -g. What is the tens digit of c?
4
Let b(l) = 12 + 2*l - l - 3 - 1. Let k be b(-3). Suppose 193 = k*a - 3*p, 2*a + 45 = 3*a + p. What is the tens digit of a?
4
Suppose 2*p - 2 = p, -823 = 5*x - 4*p. Let w = -116 - x. What is the units digit of w?
7
Let v = -188 + 389. What is the hundreds digit of v?
2
Suppose -4*s = 4*t - 2120, 0 = -t + 3*s - 6*s + 538. What is the units digit of t?
6
Let t be (-9)/(54/(-8)) - 8/(-3). Suppose t*i + 462 = 2*h, 0 = -0*h + 5*h + i - 1166. What is the hundreds digit of h?
2
Let t(j) = j**3 - 7*j**2 + 6*j. Let o be t(6). Suppose 12 = -3*i + 3*w + 54, -2*i + 3*w + 33 = o. Let n(f) = f**2 - 8*f - 5. What is the units digit of n(i)?
4
Let u(p) = p**3 + 21*p**2 - 13*p - 10. What is the hundreds digit of u(-10)?
2
Suppose -18*f + 22*f - 1104 = 0. Suppose -h + 220 = 2*d, -4*d - f + 1152 = 4*h. What is the tens digit of h?
1
Let p(f) = 19*f**3 + 3*f**2 - 2. Let h be p(2). Suppose h = 4*v - 18. What is the units digit of v?
5
Suppose 0 = -k - 11 + 7. Let t(q) = -39*q + 20. What is the tens digit of t(k)?
7
Let v(o) = o**3 - 3*o**2 - 4*o + 2. Let l be v(4). Suppose -l*w + 5*h = -17, -3*h = -3*w - 5*h - 3. What is the units digit of (-2 + 2 - w) + 3?
2
Let z(j) = j**3 + 9*j**2 + 2*j - 5. Suppose -3*r - 17 = 2*q, 3*r + 12 = 2*q + q. What is the tens digit of z(r)?
8
Let o = 132 + 31. What is the tens digit of o?
6
Let c(f) = 98*f**3 + 2*f**2 - 2*f + 1. Suppose -4*x + 2*g - 4 = 0, -3*x + 4*g + 7 = 5*g. What is the units digit of c(x)?
9
What is the hundreds digit of (-1 - -538)/((-9)/(-3) - 2)?
5
Let z(b) = -3*b**3 - 9*b**2 - 12*b - 36. What is the units digit of z(-7)?
6
Let x be (-3)/12 + (-146)/(-8). Let c = x - 5. Let f = -7 + c. What is the units digit of f?
6
Let t(i) = 240*i - 93. What is the thousands digit of t(5)?
1
Suppose 0 = 2